Let y(x) = x**2 - 6*x - 3. Let q be y(4). Let p = t + q. What is the units digit of p?
4
Let w(y) = 11*y + 28. Let r be w(14). Let h = r + -101. What is the units digit of h?
1
Let o(m) be the third derivative of -13*m**4/24 + m**3/3 - 7*m**2. Let d be o(-3). Suppose n = 3*a - d, a - 3*a + n + 27 = 0. What is the units digit of a?
4
Suppose 0 = -d + 1 + 2. Suppose -d*g + 2*p + 17 = 0, 0 = -p - 1. Suppose -5*h - v = v - 173, 3*h - 110 = g*v. What is the units digit of h?
5
Suppose 3*v - 23 = 1. Let u = 177 - 171. Suppose v = 10*r - u*r. What is the units digit of r?
2
Suppose 2*a = 190 - 60. Let l = a - 5. What is the tens digit of l?
6
Let g(o) = -o**3 - 4*o**2 - 3*o. Let x be g(-4). Suppose -5*w = l + x, -l + 4*w = w - 4. What is the units digit of (l*3)/((-15)/20)?
8
What is the tens digit of (887 - (6 - -1)) + -9?
7
Suppose 5*s = -l - l + 10, 10 = 5*s - l. Let h be 318/9 + (-2)/(-3). Suppose b = s*b - h. What is the units digit of b?
6
Suppose -3*k = -0*k - 18. Suppose 0 = 2*x - k + 18. What is the units digit of (-85)/(-3) + 2/x?
8
Suppose a + 2*i = 3*i + 131, -a = -2*i - 129. Let m = -80 + a. What is the units digit of m?
3
Let y(h) = -h - 8. Let r(n) = -n - 9. Let j(l) = -6*r(l) + 7*y(l). What is the units digit of j(-9)?
7
Suppose -x - 2*x = -126. Let l = 157 - x. What is the hundreds digit of l?
1
Suppose -7*t - 3596 = -5*t. Let o be t/(-6) - 20/30. Suppose -103 = 4*a - o. What is the units digit of a?
9
Suppose -7*h + 3*h + 520 = 0. What is the hundreds digit of h?
1
Suppose 2*k = 136 + 8. What is the units digit of k?
2
Suppose -5*x + 1698 = -4447. What is the hundreds digit of x?
2
Suppose 0 = 309*h - 302*h - 2345. What is the units digit of h?
5
Suppose 2*u - 3082 = -2*a, 1531 = a + 4*u - u. What is the hundreds digit of a?
5
Let s(h) = -7*h**3 + 6*h**2 + 7*h + 17. What is the thousands digit of s(-7)?
2
Let v(t) = -20*t. Let r be v(-1). Let l = -21 + 5. What is the units digit of r/8*l/(-5)?
8
What is the units digit of (3 + 0)*(-5 + 102/18)?
2
Suppose -6*x + 30 = 5*q - 10*x, 0 = 5*q + x - 30. Suppose -185 + 569 = q*o. What is the tens digit of o?
6
Let l = -8446 + 13135. What is the hundreds digit of l?
6
Let g = -783 + 1608. What is the tens digit of g?
2
What is the tens digit of (-5 + 51)/(12/894)?
2
Suppose -6*d + 5*b + 485 = -d, -4*d = 3*b - 381. Let m = -21 + d. What is the tens digit of m?
7
Let g(b) = -b**2 + 16*b - 10. Let j be g(15). Suppose -4*r = -2*o - 90, 3*o + 34 = 2*r - j. What is the units digit of r?
4
Suppose l + 1 = -0*m + 5*m, -2*m - 26 = 4*l. What is the units digit of l/3 + 2 + 57?
7
Suppose 1175*x = 1183*x - 16688. What is the units digit of x?
6
Let d = 3 + -2. Let i(s) = -7*s**3 - 2*s**2 + 1. Let q be i(d). Let z = 23 + q. What is the units digit of z?
5
Suppose d + 14*o = 15*o + 586, -3*o = 4*d - 2337. What is the units digit of d?
5
Suppose 4*p + 19*b - 4713 = 14*b, p - 1178 = -b. What is the hundreds digit of p?
1
Let r be (-24)/14*(-14)/4. Suppose 3*g = r*g + 6. What is the tens digit of g + (-2 - -11*3)?
2
What is the hundreds digit of -5 - 672*(5 - 24/4)?
6
Let g(y) = -5*y - 22. Let i(j) = -4*j - 22. Let d(r) = 7*g(r) - 6*i(r). What is the tens digit of d(-6)?
4
Suppose 0 = 3*g - 2*g - 3*q + 6, -18 = -2*g - 4*q. Suppose -6 = -3*v, -g*v - 62 = -z - 4*v. What is the tens digit of z?
6
Suppose -12 = -3*x, 4*x = -0*z + 2*z - 2716. What is the units digit of z?
6
Let j = 78 + -73. Suppose -j*o + 249 = -396. What is the units digit of o?
9
Suppose -7*p = -3*p + 216. Let a = p - -209. Suppose 3*d = -2*d + a. What is the tens digit of d?
3
Let m(l) = -7*l - 13. Let u(h) be the second derivative of -5*h**3/3 - 19*h**2/2 - 2*h. Let c(d) = 7*m(d) - 5*u(d). What is the units digit of c(7)?
1
Suppose 7675 = -56*n + 100019. What is the hundreds digit of n?
6
Let f(z) = -19*z + 22 - 2*z**2 + 3*z**2 + 19*z. What is the units digit of f(7)?
1
Let o(b) = 17*b**2 + b + 2. Let h(n) = -n + 7. Let x be ((-12)/(-10))/(15/100). Let j be h(x). What is the tens digit of o(j)?
1
Let f = 37 + -58. Let r = f - -72. What is the tens digit of r?
5
Let u = -4094 + 6034. What is the hundreds digit of u?
9
Let t(d) = 14*d**2 - 6*d + 31. What is the units digit of t(3)?
9
Suppose -4*u = -5*g + 56 + 54, 67 = 4*g + u. What is the hundreds digit of (-6)/g + (-370)/(-3)?
1
Suppose 18*r - 3907 = -865. Let m = 58 + r. What is the units digit of m?
7
Suppose 0*y - y = -3*w + 1, 5*y - 71 = -4*w. What is the tens digit of y?
1
Let z(x) = -x**2 + 17*x - 20. Let i be z(9). Let q be (0 - 1)/1 - -4. Suppose -7*b = -q*b - i. What is the tens digit of b?
1
Let f = 295 + -162. Let z = 188 - f. What is the tens digit of z?
5
Suppose -12*n + 18734 = -12214. What is the units digit of n?
9
Suppose -165 = -6*f - 27*f. What is the units digit of f?
5
Let f(t) be the first derivative of -t**6/120 - t**5/60 + 7*t**3/6 + 3*t**2/2 - 5. Let y(h) be the second derivative of f(h). What is the units digit of y(0)?
7
Suppose 2708 - 368 = -10*p. What is the units digit of (p/21 - 0)*(8 - 15)?
8
Let x be 8/(-6)*2013/(-22). Let l = -21 + x. What is the hundreds digit of l?
1
Suppose 4*o - 258 - 18 = 0. Suppose 2*c + p + 0*p - o = 0, p - 1 = 0. What is the tens digit of c?
3
Let x be (1 + 39)*(-108)/90. Let s(q) = 16*q - 6. Let m be s(-4). Let p = x - m. What is the tens digit of p?
2
Let p(v) = -v**2 - 5*v. Let u be p(-4). Suppose t - 13 = -4*l, 11 - 140 = -5*t - u*l. What is the units digit of t?
9
Let a be -1 - ((-6)/(-8) - 1)*-428. What is the units digit of ((-12)/10)/((a/(-280))/(-9))?
8
Let m(v) = -v**3 - 3*v**2 + 20*v + 19. What is the units digit of m(-8)?
9
Suppose -3*m = 3*l - 2436, -3246 = -0*l - 4*l - 3*m. What is the tens digit of l?
1
Suppose d + 3*v = 128 + 21, 4*v - 4 = 0. What is the hundreds digit of d?
1
Suppose -474 = -3*i + 3*g, 4*i - 414 = 3*g + 216. What is the hundreds digit of i?
1
Let p(a) = 2*a**2 + 26*a + 87. What is the tens digit of p(-16)?
8
Suppose -2*i = 20 - 488. What is the tens digit of i?
3
Let o(f) = -2394*f - 45. What is the units digit of o(-1)?
9
Let j(u) = -2*u**2 - 34*u - 24. What is the units digit of j(-12)?
6
Let u(m) = -m**2 - 19*m + 6. Let o be u(-16). Let s be (-598)/(-6) + (-2)/(-6). Let d = s - o. What is the units digit of d?
6
Suppose -k - r + 4968 = 4*k, 4*k + r - 3975 = 0. What is the hundreds digit of k?
9
Suppose 5*u = -l + 105, 5*u - 2*l + 7*l - 105 = 0. Let k = u - 28. What is the tens digit of (-14)/(-49) + (-243)/k?
3
Let q = -17 - -25. Suppose 4*v = -0 + q. Suppose -6 = v*t, 4*d - t - 155 = 4*t. What is the units digit of d?
5
Let w(f) = -f**3 + 8*f**2 + 4*f - 19. What is the units digit of w(6)?
7
Let b be -2 - (120/(-5))/3. Let f = -11 + 2. What is the tens digit of (3/f)/(b/(-738))?
4
Suppose -3*s - 1836 = 3*s. Let l be s/39 + (-2)/13. What is the units digit of (0 - l - 4) + 43?
7
Let t(o) = -o**3 + 18*o**2 + 29*o + 30. What is the units digit of t(15)?
0
Let q(t) = -12*t - 6. Let u(w) = -4*w + 3. Let d be u(-6). Suppose -4*j = -5*s + d, 4*j - 5*s = j - 24. What is the tens digit of q(j)?
3
Let k(r) = -r**3 + 2*r**2 - 32. What is the tens digit of k(-8)?
0
Let a = 10527 + -5610. What is the tens digit of a?
1
Suppose -12*h - 2*b - 712 = -13*h, 4*h - 4*b - 2856 = 0. What is the units digit of h?
6
Let b(v) = -7*v - 4. Let o(j) = -1. Let d(h) = b(h) - 6*o(h). Let n(a) = a**3 - 3*a**2 - a - 5. Let x be n(3). What is the units digit of d(x)?
8
Let a(v) = -v**3 - 4*v**2 + 6*v - 2. Let l be a(-5). Suppose 0*h - 5*h = -30. Let d = h - l. What is the units digit of d?
3
Suppose 2*g - 3 = d - 0*g, 3*d = 3*g - 6. Let f(p) = -18*p**3 - p - 2. What is the tens digit of f(d)?
1
Let s(i) be the second derivative of -i**5/20 + i**4/3 + i**3/3 + 4*i**2 - 7*i. Let u be s(5). Let v = u - -66. What is the tens digit of v?
5
Let o(k) = -38*k**3 + 4*k**2 + 14*k + 42. What is the hundreds digit of o(-3)?
0
Let z(a) = 51*a**3 - 2*a - 2. What is the units digit of z(2)?
2
Let c(d) = 2*d**3 - 5*d**2 + 8*d + 7. Let x(v) = v + 1. Let n(l) = c(l) - 5*x(l). What is the units digit of n(4)?
2
Let w be (5 - 0)/(1/(-17)). Let c = w + 195. What is the tens digit of c?
1
Let b(h) = 138*h - 1. Let q(r) = 3*r + 4. Let o be q(-1). What is the tens digit of b(o)?
3
Let h(q) = 2*q - 20. Let j be h(10). Let u = j - -2. What is the ten